{"id":630,"date":"2021-12-22T13:50:21","date_gmt":"2021-12-22T13:50:21","guid":{"rendered":"https:\/\/laric.eu\/shop\/product\/aroma-spa-peeling-exotic-copy-copy-copy-copy-copy-3-copy-copy-copy-copy-copy-copy\/"},"modified":"2026-03-15T17:25:31","modified_gmt":"2026-03-15T16:25:31","slug":"power-gloves","status":"publish","type":"product","link":"https:\/\/laric.eu\/shop\/produkt\/power-gloves\/","title":{"rendered":"POWER GLOVES"},"content":{"rendered":"<p>[et_pb_section fb_built=&#8220;1&#8243; _builder_version=&#8220;3.22&#8243; custom_padding=&#8220;0px||||false|false&#8220; global_colors_info=&#8220;{}&#8220;][et_pb_row _builder_version=&#8220;4.13.1&#8243; background_size=&#8220;initial&#8220; background_position=&#8220;top_left&#8220; background_repeat=&#8220;repeat&#8220; custom_padding=&#8220;0px||0px||false|false&#8220; global_colors_info=&#8220;{}&#8220;][et_pb_column type=&#8220;4_4&#8243; _builder_version=&#8220;3.25&#8243; custom_padding=&#8220;|||&#8220; global_colors_info=&#8220;{}&#8220; custom_padding__hover=&#8220;|||&#8220;][et_pb_wc_breadcrumb disabled_on=&#8220;on|on|on&#8220; _builder_version=&#8220;4.13.1&#8243; disabled=&#8220;on&#8220; global_colors_info=&#8220;{}&#8220;][\/et_pb_wc_breadcrumb][et_pb_wc_cart_notice _builder_version=&#8220;4.13.1&#8243; body_font=&#8220;Futura Book||||||||&#8220; body_text_color=&#8220;#000000&#8243; background_color=&#8220;#FFFFFF&#8220; custom_button=&#8220;on&#8220; button_text_size=&#8220;18px&#8220; button_text_color=&#8220;#FFFFFF&#8220; button_bg_color=&#8220;#000000&#8243; button_font=&#8220;Futura Book||||||||&#8220; button_custom_margin=&#8220;||||false|false&#8220; global_colors_info=&#8220;{}&#8220;][\/et_pb_wc_cart_notice][\/et_pb_column][\/et_pb_row][et_pb_row column_structure=&#8220;1_2,1_2&#8243; _builder_version=&#8220;4.13.1&#8243; background_size=&#8220;initial&#8220; background_position=&#8220;top_left&#8220; background_repeat=&#8220;repeat&#8220; custom_margin=&#8220;0px||||false|false&#8220; custom_padding=&#8220;0px||||false|false&#8220; global_colors_info=&#8220;{}&#8220;][et_pb_column type=&#8220;1_2&#8243; _builder_version=&#8220;3.25&#8243; custom_padding=&#8220;|||&#8220; global_colors_info=&#8220;{}&#8220; custom_padding__hover=&#8220;|||&#8220;][et_pb_wc_images _builder_version=&#8220;4.13.1&#8243; custom_margin=&#8220;0px||||false|false&#8220; custom_padding=&#8220;0px||||false|false&#8220; global_colors_info=&#8220;{}&#8220;][\/et_pb_wc_images][\/et_pb_column][et_pb_column type=&#8220;1_2&#8243; _builder_version=&#8220;3.25&#8243; custom_padding=&#8220;|||&#8220; global_colors_info=&#8220;{}&#8220; custom_padding__hover=&#8220;|||&#8220;][et_pb_wc_title _builder_version=&#8220;4.13.1&#8243; header_font=&#8220;Futura Book||||||||&#8220; custom_margin=&#8220;120px||||false|false&#8220; global_colors_info=&#8220;{}&#8220;][\/et_pb_wc_title][et_pb_wc_description admin_label=&#8220;Woo Beschreibung&#8220; _builder_version=&#8220;4.13.1&#8243; body_font=&#8220;Futura Book||||||||&#8220; body_text_color=&#8220;#000000&#8243; body_font_size=&#8220;15px&#8220; body_line_height=&#8220;1.4em&#8220; header_2_font=&#8220;Futura Book||||||||&#8220; header_2_font_size=&#8220;12px&#8220; header_2_line_height=&#8220;1.2em&#8220; width=&#8220;60%&#8220; global_colors_info=&#8220;{}&#8220;][\/et_pb_wc_description][et_pb_wc_rating show_reviews_link=&#8220;off&#8220; _builder_version=&#8220;4.13.1&#8243; global_colors_info=&#8220;{}&#8220;][\/et_pb_wc_rating][et_pb_wc_price _builder_version=&#8220;3.0.47&#8243; global_colors_info=&#8220;{}&#8220;][\/et_pb_wc_price][et_pb_wc_add_to_cart _builder_version=&#8220;4.13.1&#8243; fields_background_color=&#8220;#000000&#8243; fields_text_color=&#8220;#FFFFFF&#8220; fields_focus_background_color=&#8220;#FFFFFF&#8220; dropdown_menus_background_color=&#8220;#FFFFFF&#8220; body_font=&#8220;Futura Book|700|||||||&#8220; border_width_all_fields=&#8220;2px&#8220; border_color_all_fields=&#8220;#000000&#8243; global_colors_info=&#8220;{}&#8220;][\/et_pb_wc_add_to_cart][et_pb_wc_meta disabled_on=&#8220;on|on|on&#8220; _builder_version=&#8220;4.13.1&#8243; disabled=&#8220;on&#8220; global_colors_info=&#8220;{}&#8220;][\/et_pb_wc_meta][\/et_pb_column][\/et_pb_row][et_pb_row column_structure=&#8220;3_5,2_5&#8243; _builder_version=&#8220;4.13.1&#8243; background_size=&#8220;initial&#8220; background_position=&#8220;top_left&#8220; background_repeat=&#8220;repeat&#8220; global_colors_info=&#8220;{}&#8220;][et_pb_column type=&#8220;3_5&#8243; _builder_version=&#8220;3.25&#8243; custom_padding=&#8220;|||&#8220; global_colors_info=&#8220;{}&#8220; custom_padding__hover=&#8220;|||&#8220;][et_pb_wc_tabs _builder_version=&#8220;4.13.1&#8243; body_font=&#8220;Futura Book||||||||&#8220; tab_font=&#8220;Futura Book||||||||&#8220; global_colors_info=&#8220;{}&#8220;]\t\t\t\t\t[\/et_pb_wc_tabs][et_pb_wc_upsells _builder_version=&#8220;3.0.47&#8243; global_colors_info=&#8220;{}&#8220;][\/et_pb_wc_upsells][et_pb_wc_related_products _builder_version=&#8220;3.0.47&#8243; global_colors_info=&#8220;{}&#8220;][\/et_pb_wc_related_products][\/et_pb_column][et_pb_column type=&#8220;2_5&#8243; _builder_version=&#8220;3.25&#8243; custom_padding=&#8220;|||&#8220; global_colors_info=&#8220;{}&#8220; custom_padding__hover=&#8220;|||&#8220;][\/et_pb_column][\/et_pb_row][\/et_pb_section]<\/p>\n","protected":false},"excerpt":{"rendered":"<p class=\"p1\">Pflegemaske f\u00fcr unwiderstehlich weiche H\u00e4nde!<\/p>\n<p>Inhalt: 1 Paar La Ric Power Gloves mit Sofortwirkung.<\/p>\n","protected":false},"featured_media":601,"template":"","meta":{"_et_pb_use_builder":"on","_et_pb_old_content":"<p class=\"p3\"><span class=\"s1\"><b>Anwendung: <\/b>L\u00f6sen Sie Ihre Powergloves von dem Schutzpapier. Ziehen Sie diese nun \u00fcber die sauberen H\u00e4nde und lassen Sie die Maske ca. 20 Minuten lang einziehen. Ein noch besseres Ergebnis erzielen Sie, wenn Sie die Maske ca<\/span><span class=\"s2\">. <\/span><span class=\"s1\">eine Stunde lang einwirken lassen. Haben Sie sehr trockene, rissige Haut, k\u00f6nnen Sie die Powergloves einige Stunden oder \u00fcber Nacht tragen. Nach der Anwendung der Powergloves massieren Sie nun die verbliebene Maske sanft ein. Sie k\u00f6nnen Ihre Powergloves mehrmals verwenden!<\/span><\/p>\r\n<p class=\"p3\"><span class=\"s1\"><b>Tipp:<\/b> Unterst\u00fctzen und verst\u00e4rken Sie die Wirkung der Powergloves mit dem Anti-Stress-Handschuh von La Ric.<\/span><\/p>\r\n<p class=\"p3\"><span class=\"s1\"><b>Massageanleitung:\r\n<\/b><\/span><span class=\"s1\">1. Massage des Handr\u00fcckens mit dem Daumen <\/span>(weite, langsame Bewegungen).<\/p>\r\n<p class=\"p3\"><span class=\"s1\">2. Kleine, kreisf\u00f6rmige Massage der Finger. <\/span>Beginnen Sie beim Nagel und massieren Sie langsam in Richtung Handr\u00fccken.<\/p>\r\n<p class=\"p3\"><span class=\"s1\">3. Kreisf\u00f6rmige Massage am Handr\u00fccken zwischen <\/span>den Knochen in Richtung Handgelenk.<\/p>\r\n<p class=\"p3\"><span class=\"s1\">4. Spreizen Sie die Finger. \u00dcben Sie nun sanften<\/span><\/p>\r\n<p class=\"p3\"><span class=\"s1\"> Druck auf die Stellen zwischen den Fingern aus.<\/span><\/p>\r\n<p class=\"p3\"><span class=\"s1\">5. Halten sie die Hand horizontal. Beenden Sie die <\/span>Massage mit langen, sanften Streichbewegungen. Beginnen Sie bei den Fingerspitzen und streichen Sie langsam \u00fcber den Unterarm.<\/p>","_et_gb_content_width":"","inline_featured_image":false},"product_brand":[],"product_cat":[25,32],"product_tag":[],"class_list":{"0":"post-630","1":"product","2":"type-product","3":"status-publish","4":"has-post-thumbnail","6":"product_cat-hand-care","7":"product_cat-manicure","9":"first","10":"instock","11":"taxable","12":"shipping-taxable","13":"purchasable","14":"product-type-simple"},"_links":{"self":[{"href":"https:\/\/laric.eu\/shop\/wp-json\/wp\/v2\/product\/630","targetHints":{"allow":["GET"]}}],"collection":[{"href":"https:\/\/laric.eu\/shop\/wp-json\/wp\/v2\/product"}],"about":[{"href":"https:\/\/laric.eu\/shop\/wp-json\/wp\/v2\/types\/product"}],"wp:featuredmedia":[{"embeddable":true,"href":"https:\/\/laric.eu\/shop\/wp-json\/wp\/v2\/media\/601"}],"wp:attachment":[{"href":"https:\/\/laric.eu\/shop\/wp-json\/wp\/v2\/media?parent=630"}],"wp:term":[{"taxonomy":"product_brand","embeddable":true,"href":"https:\/\/laric.eu\/shop\/wp-json\/wp\/v2\/product_brand?post=630"},{"taxonomy":"product_cat","embeddable":true,"href":"https:\/\/laric.eu\/shop\/wp-json\/wp\/v2\/product_cat?post=630"},{"taxonomy":"product_tag","embeddable":true,"href":"https:\/\/laric.eu\/shop\/wp-json\/wp\/v2\/product_tag?post=630"}],"curies":[{"name":"wp","href":"https:\/\/api.w.org\/{rel}","templated":true}]}}